m = -m + x. Let y(z) = 89*z - 408. What is the remainder when m is divided by y(5)?
36
Let w = -10 + 14. Suppose -3*y + 3*k + 669 = 0, -674 = -0*y - 3*y - 2*k. Suppose -w*l - 96 = -y. Calculate the remainder when l is divided by 5.
2
Suppose 0 = -5*g - 2*w + 325, 88 = g - w + 6*w. Calculate the remainder when (239 + 1)*2*(-6)/(-24) is divided by g.
57
Let b(d) be the first derivative of -7*d**2/2 - 21*d + 18. What is the remainder when b(-5) is divided by 18/(-6) - (0 + -2 - 4)?
2
Let w(b) be the third derivative of b**6/120 - 19*b**5/60 - 7*b**4/8 + 10*b**3 - 7*b**2. What is the remainder when 103 is divided by w(20)?
23
Let j(r) = 3*r**3 + 2*r**2 + 5*r - 4. Let v be j(3). Suppose -5*h - 8 + 323 = 0. Let s = v - h. Calculate the remainder when s is divided by 16.
15
Let k(f) = 3*f**3 - 8*f**2 + 9*f + 2. Calculate the remainder when 955 is divided by k(3).
5
Suppose 70 = -127*h + 137*h. What is the remainder when 172 is divided by h?
4
Let x be -4 - (-1 - 1 - 11). Let f = 192 - 155. Let j = x + f. Calculate the remainder when j is divided by 10.
6
Let i(w) = -2*w + 1. Let y(o) = -3*o**2 + 11*o - 12. Let f(b) = -6*i(b) + y(b). Calculate the remainder when (25/3)/((-1)/(-6)) is divided by f(4).
24
Suppose -19*c + 354 = 31. Suppose 3*u + 4 = 2*u. What is the remainder when c is divided by 4/(16/u)*-11?
6
Suppose 2*y - 4*s - 81 = y, 2*s = -3*y + 257. Let z = y - 87. What is the remainder when (20/(-5) - -6)*(1 - z) is divided by 4?
2
Suppose -175*u - 210*u = -23100. Calculate the remainder when u is divided by ((-25)/(-2))/(2/4).
10
Suppose -2*p - 14 = -10. Calculate the remainder when 155 is divided by -1*(-1)/p + 73/2.
11
Suppose 5*z - 60 = z. Calculate the remainder when 410/6 - ((-1406)/57 + 23) is divided by z.
10
Let l(c) = -c**3 + 32*c**2 + 47*c + 79. Calculate the remainder when 1628 is divided by l(33).
5
Let l(m) = -5*m - 24. Suppose -28*o - 4 = -27*o. Let x be 26/o - 2/4. What is the remainder when 38 is divided by l(x)?
5
Let l = -978 - -1081. Calculate the remainder when l is divided by ((-110)/25 - 4)/((-3)/10).
19
Suppose u = 5, n + 0*u = 5*u - 23. Suppose 4*b - 482 = -n*l, -b + 2*l + 358 = 2*b. Let i = -106 + b. What is the remainder when i is divided by 5?
4
Let m(i) = -3*i**3 + 3*i**2 + 3*i - 5. Let g be m(3). Suppose 189*s - 182*s = -105. Let u = s - g. Calculate the remainder when u is divided by 11.
2
Let d = -2646 - -3155. Calculate the remainder when d is divided by 4.
1
Let p(i) = -i + 64. Let u be p(23). What is the remainder when (2 - u)*-1 - -4*1 is divided by 16?
11
Let i = 10716 - 10704. What is the remainder when 435 is divided by i?
3
Suppose 15*s = 9*s + 552. Let i = 102 - s. Calculate the remainder when 23 is divided by i.
3
Suppose -10*c - 3*w + 79 = -9*c, 225 = 3*c + 3*w. Suppose 2*o = 4*o - 8, 4*t - 5*o = 128. Calculate the remainder when c is divided by t.
36
Let c(g) = -189*g + 1354. What is the remainder when c(7) is divided by 17?
14
Let z = 76 - 127. Let w = -34 - z. Calculate the remainder when 44 is divided by w.
10
Suppose 0 = 10*n - 21 - 79. Suppose -58*v + 3514 = -7390. What is the remainder when v is divided by n?
8
Suppose -4*q = 16, -3*z + 51 = 2*z - 4*q. Let j(u) = -18*u - 15*u + 24 + 50*u - 19*u - 82. What is the remainder when j(-41) is divided by z?
3
Let i = -125 - -195. Calculate the remainder when 278 is divided by i.
68
Let k(i) = -8*i**2 - 7*i + 3. Let j be -3 + 1 + -3 - (-1 + -1). Let y be k(j). Let z = y + 69. Calculate the remainder when 41 is divided by z.
20
Calculate the remainder when 1594 is divided by 4/(5028/(-564) + 9).
43
Let c be (-6)/(-16) + 11 + (-12)/32. Suppose 3*l - 47 = f, -3*l - c*f + 17 = -6*f. Let o(t) = t**2. Calculate the remainder when l is divided by o(3).
5
What is the remainder when 103 is divided by ((-56)/84)/(((-1453)/(-291) - 3) + -2)?
6
Let w be (-14)/(-10)*(-15 - -18)*185. Suppose 10*m = -11*m + w. Calculate the remainder when m is divided by 8.
5
Let g = 20195 - 20109. Calculate the remainder when 12123 is divided by g.
83
Let a(c) = 98*c - 180. Let n be a(3). Suppose -280*g - n = -286*g. Calculate the remainder when 246 is divided by g.
18
Suppose -3*c + 2*c - 3*k + 16 = 0, -k + 48 = 3*c. Suppose -4*d = -4 - c. Calculate the remainder when 31 is divided by 2/d*1/1*35.
3
Suppose -3*q - 37 = -2*o, -5*o = 4*q + 52 - 110. Calculate the remainder when 3191 is divided by o.
13
Let m = -2662 - -2684. Calculate the remainder when 268 is divided by m.
4
Suppose -2571*v + 2247*v = -31752. Calculate the remainder when 120 is divided by v.
22
Let m = -3512 + 3532. Let r be 294/6 - 0/2. Let w = 9 + r. Calculate the remainder when w is divided by m.
18
Suppose s = 3*z + 5*s - 1074, 0 = -3*z - s + 1074. What is the remainder when z is divided by 43?
14
Suppose -144 = 5*t - 129. Let f be 13 - t/((-9)/(-12)). Suppose -3*z + 5*b + 47 = -0, z - b = f. Calculate the remainder when z is divided by 10.
9
What is the remainder when 2096 is divided by -2 + (-15 - -6 - -4 - -77)?
66
Suppose 22*u - 5*n = 18*u + 2481, 4328 = 7*u + 5*n. What is the remainder when u is divided by 101?
13
Let p(y) = 5*y - 17. Let s be p(4). Suppose s*d - 4*v = 321, -3*d - 68 + 389 = -v. What is the remainder when d is divided by 4*(-3)/((-12)/37)?
33
Let i(l) = 19*l**2 + 6*l - 22. Calculate the remainder when i(7) is divided by 242.
225
Calculate the remainder when (12729/(-12))/(19/(-380)) is divided by 39.
38
Let g = 33 + -18. Suppose 0 = 5*o - 20, 5*u - 5*o - 3 - 22 = 0. Let y(j) = j**2 - 25*j + 187. What is the remainder when y(u) is divided by g?
13
What is the remainder when ((7 - 3)/4)/((-1)/(-997)) is divided by 16?
5
Let b(s) = 3*s + 120. Suppose -2*h - 52 = -5*m + 7, -3*h - 3*m - 36 = 0. Calculate the remainder when b(h) is divided by 18.
15
Let c be (2/3)/(1/51). Suppose -224 = 66*w - 1016. Let t = c - w. Calculate the remainder when 42 is divided by t.
20
Suppose -37*k + 42*k = 185. What is the remainder when (-3)/(18/(-20))*(-2 - -44) is divided by k?
29
Suppose 8162 + 4299 = 18*k - 25789. What is the remainder when k is divided by 236?
1
Suppose -6*i + 2*i + 160 = 0. Suppose 31*p + i = 36*p. What is the remainder when 12 is divided by p*4/6 + (-25)/75?
2
Let u(t) = -2*t**2 + 4*t**2 + 7 + 11*t - 1 - 3*t**2. Let p = 24 + -19. What is the remainder when 143 is divided by u(p)?
35
Let k = 33 - 9. Let i(o) = -o**2 - 140*o - 4503. What is the remainder when i(-86) is divided by k?
21
Let d(q) = -21*q**2 - 63*q + 7. Let f = 28 + -3. Calculate the remainder when f is divided by d(-3).
4
Suppose 0 = 29*k - 25*k. Suppose k*a + 784 = 16*a. Let m = a - 17. What is the remainder when 93 is divided by m?
29
Let k(r) = 28*r + 1583. What is the remainder when 991 is divided by k(-54)?
68
Let b(r) = r**2 + 10*r - 62. Let o be (-7)/((-105)/(-36))*40/(-12). What is the remainder when b(o) is divided by 17?
14
Let l be 5 + -5 - (-1 + -10). Let s = l + 4. What is the remainder when 132 is divided by s?
12
Let c(k) = 105 + k**2 - 101 + 0*k**2 - 7*k. Calculate the remainder when 23 is divided by c(7).
3
Let i(x) = -53*x - 7539. Calculate the remainder when 433 is divided by i(-145).
141
Calculate the remainder when 167 is divided by (90/(-20))/((0 + 3)/(-90)).
32
Suppose -1510 + 25 = -3*x. Let c = 524 - x. Calculate the remainder when 115 is divided by c.
28
Let k(t) = -4*t**3 - 38*t**2 - 17*t + 112. Calculate the remainder when k(-11) is divided by 149.
131
Let y(v) = 12*v**2 - 187*v. Calculate the remainder when y(17) is divided by 77.
58
Let a(h) = -3*h - 32. Suppose -i + 35 = -3*s, i + 2*i + s - 75 = 0. Let d be (i/4)/((-6)/12). Calculate the remainder when 17 is divided by a(d).
3
What is the remainder when 1172 is divided by (1 - 1) + (-322)/(-56)*12?
68
Let a = -25571 - -25660. Calculate the remainder when 123 is divided by a.
34
Let k(r) = 2*r**2 - 3*r - 2. Suppose 0 = 4*g + 4*u - 124, 7*g + 5*u = -167 + 372. Calculate the remainder when k(-5) is divided by g.
13
Suppose 2*c - 22 = b - 0*c, b = -4*c - 22. Suppose 2*y = -3*f + 122, 2*y + 2*f = 6*y - 212. Calculate the remainder when 6 is divided by (y/b)/(2 - (-5)/(-2)).
1
Suppose 5*x - 4*j + 18 = 97, -4 = 4*j. What is the remainder when 5517 is divided by x?
12
Let r be (36*26)/8*-1. Calculate the remainder when 2/(-26) + (-12645)/r is divided by 